). Calculate b(m).
-2
Suppose -4*z + 15 = -z - 3*s, 11 = z + 5*s. Suppose -2 = -4*n + z. Let h(d) = -3*d**2 + 2*d - 3. Calculate h(n).
-11
Let p(h) = 9*h**2 + 3*h + 1. Let r(j) = j**2. Let k(b) = -p(b) + 4*r(b). What is k(-2)?
-15
Let x be (-26)/4 - (-18)/12. Let i(l) = l + 51. Let j(o) = o + 34. Let w(n) = -2*i(n) + 3*j(n). Determine w(x).
-5
Let m(l) be the first derivative of l**4/4 + 4*l**3/3 + 3*l - 790. What is m(-3)?
12
Let v(g) be the third derivative of -g**7/840 + g**6/40 - g**5/15 + 5*g**4/12 - 4*g**3 + g**2. Let h(z) be the first derivative of v(z). Calculate h(8).
10
Let o(y) = -13*y + 1. Suppose 4*q - 30 = -130. Let r = -26 - q. Give o(r).
14
Let v(h) be the first derivative of -h**4/4 + 4*h**3/3 + 3*h**2/2 - 8*h - 319. Determine v(4).
4
Let c(w) = 11*w**2 - 1. Let j(z) = -4*z - 22. Let u(v) = -2*v - 11. Let d(f) = -6*j(f) + 11*u(f). Let a = -71 + 66. Let h be d(a). Determine c(h).
10
Suppose -607*n = -5*w - 605*n - 21, -w + 5*n + 5 = 0. Let a(c) be the first derivative of -2*c**3/3 - 3*c**2 + 6*c - 2. Determine a(w).
-14
Let w(n) be the third derivative of 10*n**2 + 0*n + 0*n**3 - 1/24*n**4 + 0. Let f = 5 + 0. Give w(f).
-5
Let j(g) = -g**3 + g**2 + 2. Let p(o) = -2*o**3 + 13*o**2 + 8*o + 7. Let m(r) = -3*j(r) + p(r). Calculate m(-9).
10
Let v be 2/((-9)/(-3)*(-4)/6). Let j be (-4)/12 - v/3. Let b(p) = -p**2 + p - 1. Calculate b(j).
-1
Let u(i) = i**2 - 19*i + 25. Let m = -10 - -28. Let k be u(m). Let q(y) = y - 8. Calculate q(k).
-1
Let u(r) = -r + 4. Suppose 0 = 4*m - 2*z + 40, -2*z = 8*m - 13*m - 50. Calculate u(m).
14
Let u(h) = -12 + 8 - h**3 + 5*h - 2*h**2 + 3. Let b(t) be the third derivative of t**4/24 - 7*t**3/6 - t**2. Let v be b(3). What is u(v)?
11
Let h(l) be the first derivative of -3*l**2/2 + 25*l + 79. Calculate h(6).
7
Suppose 0 = 5*n + 2*c + 4, 6 = -0*n - 2*n - 3*c. Let p(l) = 2 + n*l - 6*l + 3*l + 1. What is p(-5)?
18
Let q(x) = x**2. Suppose 0 = -0*r + 2*r + 2. Let a(p) = 2*p**3 + 7*p**2 + 2*p + 2. Let t(n) = r*a(n) + 6*q(n). Calculate t(-2).
14
Suppose 31*l - 21 = 24*l. Let p(t) = t**3 - 2*t**2 + t. What is p(l)?
12
Let h(y) = 2*y**3 + 2*y**2 - 2*y - 2. Suppose -22 = -13*k - 48. Give h(k).
-6
Let q(a) = a**3 - 18*a**2 - 21*a + 43. Let o be q(19). Let r(h) = h - o - 16 + 10 - 12. What is r(0)?
-23
Suppose 13 = -3*g + 1. Let r(m) be the third derivative of -1/12*m**4 + 6*m + 5*m**2 + 1/120*m**6 + 0 + 1/20*m**5 + 5/6*m**3. Determine r(g).
-3
Let a(g) = 4*g - 2. Let d be 10*-2 + -6 + 7. Let z = d + 17. Calculate a(z).
-10
Let u(p) be the second derivative of 1/12*p**4 + 13*p + 0 + 0*p**2 - 4/3*p**3. Give u(8).
0
Let i(g) be the third derivative of -1/60*g**5 + 0*g + 0 + 1/6*g**3 + 1/12*g**4 + 4*g**2. Determine i(4).
-7
Let f = -36 - -31. Let q(d) = -7*d**3 + 13*d**2 + 15*d - 1. Let y(c) = 11*c**3 - 20*c**2 - 23*c + 1. Let o(n) = f*y(n) - 8*q(n). Determine o(5).
3
Let d(p) = -p**3 + 7*p**2 - 6*p + 6. Let c(a) = -18*a - 12. Let n be c(-1). What is d(n)?
6
Suppose -5 = -4*l - 3*y - 1, -20 = 5*y. Let g(q) = -2*q + 23 - 17 - 7 + l*q**2. Determine g(-1).
5
Suppose -4*s + 5*s + w = 3, 25 = -5*s + 3*w. Let i(p) = -p**2 + 3*p + 3. Give i(s).
-7
Let x(l) = l**3 - 1121 + l - 2*l + 1129. What is x(0)?
8
Let g(a) = a - 3. Let b(h) = 4*h - 16. Let t(m) = b(m) - 3*g(m). What is t(-6)?
-13
Let i(k) = k**2 + 10*k - 9. Let t be i(-10). Let p(j) = j + 19. Calculate p(t).
10
Let r(j) = 4*j**3 + j**2 + 2*j + 1. Suppose -6*n + 6 = -3*n. Give r(n).
41
Suppose 5*h - 1 = -11. Let v be 3/(5*(-5)/(-25)). Let j(s) = -v*s + 32 - s - 61 + 27. Determine j(h).
6
Let i(l) = l**3 + 3*l**2 - 2*l + 9. Let z be i(-4). Suppose -21 = -5*t - z. Let h(v) = 7*v + 1 - 4*v - t*v. Calculate h(1).
0
Let o(c) = 6*c**2 - c - 14. Let x(y) = -5*y**2 + 11. Let g(f) = 3*o(f) + 4*x(f). Calculate g(-3).
-7
Suppose -5*w - 2*j + 20 = 0, -2*w + 13 - 4 = j. Let d(l) = -l**3 + 2*l**2 - 2*l + 4. Determine d(w).
0
Let b(i) = i - 1. Let t(q) = q**3 - 7*q**2 + 12*q - 1. Let y(v) = -6*b(v) + t(v). Calculate y(6).
5
Let v(w) = w**3 - w**2 + 4*w - 3. Suppose -5*a = -3*j + 5, 26 = 4*a + 5*j - 7. What is v(a)?
9
Suppose 0 = 68*f - 69*f + 5. Let x(a) = a**2 - 5*a + 6. Calculate x(f).
6
Suppose 2*p = -p - 3, 3*i + 3*p - 27 = 0. Let f = 8 - i. Let r(n) = 4*n**2 - n. What is r(f)?
18
Let s(n) be the third derivative of -2/3*n**3 - 1/60*n**5 + 1/4*n**4 + 0*n - 21*n**2 + 0. What is s(5)?
1
Let v(y) = 2*y**2 + 11*y. Suppose 0 = -2*f + d - 14, -7*f - 26 = -f + 5*d. What is v(f)?
6
Let o(j) = -j**2 - 3*j - 2. Let s(v) = -10*v + 1. Let p be s(-1). Let x = p + -15. What is o(x)?
-6
Let j(v) = 7*v**3 + 2*v + 1. Let d(s) = -2*s - 27. Let u be d(-13). Calculate j(u).
-8
Let z(u) = -3*u**2 - 17*u + 12. Let g(j) = 4*j**2 + 26*j - 18. Let a(q) = 5*g(q) + 7*z(q). Determine a(8).
18
Let v(l) = l + 3. Let x(p) be the first derivative of -7*p**2/2 + 83*p + 27. Let z be x(13). What is v(z)?
-5
Let k(s) be the third derivative of -s**8/6720 + s**7/420 - s**6/144 + s**5/30 + s**4/3 + 10*s**2. Let g(m) be the second derivative of k(m). Determine g(5).
4
Suppose -2*z + 0*z = 5*k + 6, 5*z = 3*k - 15. Let m(i) = -5 + i - 10*i + k*i**3 - 8*i**2 - i**3. Let l(u) = -u**3 - u - 7. Let d be l(0). Determine m(d).
9
Suppose 0 = 3*x - 0 + 12. Let w(g) = 9*g + 39. Let i be w(x). Let k(r) = r**3 - 3*r**2 - r. What is k(i)?
-3
Let h(w) = -2*w - 2912*w**2 - 2*w + 1458*w**2 + 1455*w**2. What is h(3)?
-3
Let l(j) be the first derivative of 4 + 0*j**4 - 5/2*j**2 - j**3 + 0*j + 1/60*j**5 + 1/120*j**6. Let d(s) be the second derivative of l(s). Give d(0).
-6
Let o(g) = 3 - 3*g + 2 + 4*g - 2*g. Let b(s) = s**2 - 32*s + 225. Let q be b(22). What is o(q)?
0
Let n(r) be the third derivative of 0*r + 3*r**2 - 1/24*r**4 + 0 - 4/3*r**3. Give n(-7).
-1
Let t(k) = -7*k + 1. Let g = 277 - 282. Give t(g).
36
Let h(d) = d**3 - 9*d**2 + 3. Let j(m) = 3*m**3 - 28*m**2 + 10. Let k(y) = 13*h(y) - 4*j(y). Determine k(6).
35
Suppose 5*q = k - 25, -3*k - k - 4*q = -4. Let x(s) = 3*s**2 + 35 - s**3 - 17 - 20 + 7*s. Give x(k).
-17
Let k(l) = -l**2 - 6*l - 1. Let m be 194/6 - 14/(-21). Suppose 2*x - 5*w = 59, 0 = 4*x - 5*x - w + m. Let z = x + -37. Give k(z).
4
Let y(j) = j**2 + 4*j - 5. Let n = -390 + 383. Calculate y(n).
16
Let o(g) = 1. Let x(s) = -s**2 - s - 3. Let p(k) = -2*o(k) - x(k). Calculate p(0).
1
Let o be (2/(-1))/((-4)/6). Let f(s) be the third derivative of -4*s**2 + 1/60*s**5 + 1/24*s**4 + 0 - 2/3*s**3 + 0*s. Determine f(o).
8
Let k(y) = -5*y + 1. Let s be -4 + (64/1)/4. Let i be -3*(-28)/24*s/14. Give k(i).
-14
Let j(t) be the first derivative of -t**3/3 + 19*t - 384. Give j(0).
19
Let c(g) = -2 - 2*g + 3 + 3 - 4 - 4. Suppose -3 = -2*f - o + 4, -2*o = 6. What is c(f)?
-14
Let f(h) be the first derivative of -h**2 - 14*h - 1253. Let z(k) = k - 10. Let c be z(0). Give f(c).
6
Let k be ((-56)/(-12))/(((-8)/(-3))/4). Suppose -3 + 3 = k*g. Let h(v) = v - 6. Determine h(g).
-6
Let u(s) = s**2 - s - 19. Let r be u(6). Let c(y) = -r*y + 26*y + y**3 - 14*y - 4. Calculate c(0).
-4
Let o(x) = x**3 + 2*x**2 + x - 1. Let d = -228 - -226. Determine o(d).
-3
Let j(n) = 4*n - 7. Let h(f) = f**2 + 6*f - 128. Let t be h(9). Calculate j(t).
21
Let d(s) be the third derivative of s**6/120 + s**5/10 - s**4/3 + s**3 + 2*s**2 - 92*s. Give d(-7).
13
Let o(i) be the first derivative of -i**2 + 4*i - 58. Determine o(5).
-6
Let z(f) = -2*f**3 + f**2 - 1. Let l(o) = -3*o**3 + 8*o**2 + 2*o + 3. Let c(k) = l(k) - 2*z(k). Calculate c(-6).
-7
Let p(k) = 14 - k**2 + 2*k**2 + 7*k**2 + 19*k + 37 - 7*k**2. Determine p(-15).
-9
Let v(c) = -2*c**3 - 2*c**2 - 4*c - 3. Let u(m) = 12*m + 106. Let p be u(-9). Give v(p).
13
Let q(k) = k**3 + 3*k**2 - 2*k + 1. Let s be (-6)/9*15*1. Let f = s + 8. Let n be 3 + -3 + -2 + f. Determine q(n).
-7
Let u(d) = 3 - 8 + 2*d + d**2 + 7. Let k be (68/(-12) + 5)/((-2)/(-15)). Calculate u(k).
17
Let z(k) = 2*k. Let o(c) = -2*c**2 + 31*c - 87. Let u be o(4). Determine z(u).
10
Let p(s) be the first derivative of -s**4/4 - 2*s**3/3 - 11. Let w be (-3)/(((-30)/4)/(-5)). What is p(w)?
0
Let w(r) = -2*r**2 + 15*r - 29. Let l be w(2). Let z(s) = s - 4. Calculate z(l).
-11
Suppose 3*p + 2*t = t - 21, -5*t + 28 = -4*p. Suppose -3*j - j = -32. Let v(d) = d**2 - d**2 - 2*d - d**2 - j - 7*d. Give v(p).
6
Let y(b) be the second derivative of 